{"id":400,"date":"2021-04-12T12:37:56","date_gmt":"2021-04-12T10:37:56","guid":{"rendered":"http:\/\/zseg.edu.pl\/?page_id=400"},"modified":"2021-05-05T10:44:23","modified_gmt":"2021-05-05T08:44:23","slug":"praktyka-zawodowa","status":"publish","type":"page","link":"http:\/\/zseg.edu.pl\/index.php\/praktyka-zawodowa\/","title":{"rendered":"Praktyka zawodowa"},"content":{"rendered":"\n<p class=\"has-text-align-left\">Uczniowie naszej szko\u0142y poza kszta\u0142ceniem og\u00f3lnym realizuj\u0105 praktyk\u0119 zawodow\u0105, zgodnie z wybranym zawodem. Zaj\u0119cia <a><strong>klas gastronomicznych i hotelarskich<\/strong><\/a> odbywaj\u0105 si\u0119 w <strong>restauracjach lub hotelach,<\/strong> gdzie do\u015bwiadczeni opiekunowie praktyk doskonal\u0105 umiej\u0119tno\u015bci zawodowe uczni\u00f3w. Zak\u0142ady te wyposa\u017cone s\u0105&nbsp;w nowoczesne urz\u0105dzenia, kt\u00f3re bardzo dobrze nadaj\u0105 si\u0119 do nauki zawodu, uczniowie poznaj\u0105 procesy technologiczne produkcji gastronomicznej i nabywaj\u0105 do\u015bwiadczenie przydatne w pracy zawodowej. Podczas pracy w zak\u0142adzie maj\u0105 oni mo\u017cliwo\u015b\u0107 wykorzysta\u0107 teoretyczn\u0105 wiedz\u0119 nabyt\u0105 w szkole.<\/p>\n\n\n\n<p>W trakcie zaj\u0119\u0107 praktycznych m\u0142odzie\u017c doskonali swoje umiej\u0119tno\u015bci:<\/p>\n\n\n\n<ul class=\"has-background wp-block-list\" style=\"background-color:#aefcdd\"><li>organizacji imprez okoliczno\u015bciowych, bankiet\u00f3w, uroczysto\u015bci weselnych;<\/li><li>obs\u0142ugi konsument\u00f3w;<\/li><li>sporz\u0105dzania posi\u0142k\u00f3w;<\/li><li>pracy w pionie hotelowym recepcja, room-service;<\/li><li>w hotelach: <strong>Westin, Sheraton, Victoria, Z hotel, Marriott, Ibis, Holiday Inn, Hilton<\/strong> czy <strong>Boss.<\/strong><\/li><\/ul>\n\n\n\n<p><strong>Klasy ekonomiczne<\/strong> odbywaj\u0105 praktyk\u0119 zawodow\u0105 w plac\u00f3wkach, kt\u00f3re przygotowuj\u0105 ich do przysz\u0142ej pracy. Podczas pracy w zak\u0142adzie maj\u0105 oni mo\u017cliwo\u015b\u0107 wykorzystania teoretycznej wiedzy nabytej w szkole. Uczniowie kszta\u0142c\u0105 si\u0119 mi\u0119dzy innymi w bankach, Urz\u0119dach Skarbowych, biurach rachunkowych, plac\u00f3wkach prowadz\u0105cych dzia\u0142alno\u015b\u0107 gospodarcz\u0105.<\/p>\n\n\n\n<figure class=\"wp-block-gallery columns-3 is-cropped wp-block-gallery-1 is-layout-flex wp-block-gallery-is-layout-flex\"><ul class=\"blocks-gallery-grid\"><li class=\"blocks-gallery-item\"><figure><img loading=\"lazy\" decoding=\"async\" width=\"608\" height=\"810\" src=\"http:\/\/zseg.edu.pl\/wp-content\/uploads\/2021\/04\/foto-2.jpg\" alt=\"\" data-id=\"888\" data-full-url=\"http:\/\/zseg.edu.pl\/wp-content\/uploads\/2021\/04\/foto-2.jpg\" data-link=\"http:\/\/zseg.edu.pl\/index.php\/praktyka-zawodowa\/foto-2\/\" class=\"wp-image-888\" srcset=\"http:\/\/zseg.edu.pl\/wp-content\/uploads\/2021\/04\/foto-2.jpg 608w, http:\/\/zseg.edu.pl\/wp-content\/uploads\/2021\/04\/foto-2-225x300.jpg 225w\" sizes=\"auto, (max-width: 608px) 100vw, 608px\" \/><\/figure><\/li><li class=\"blocks-gallery-item\"><figure><img loading=\"lazy\" decoding=\"async\" width=\"608\" height=\"810\" src=\"http:\/\/zseg.edu.pl\/wp-content\/uploads\/2021\/04\/foto-3.jpg\" alt=\"\" data-id=\"889\" data-full-url=\"http:\/\/zseg.edu.pl\/wp-content\/uploads\/2021\/04\/foto-3.jpg\" data-link=\"http:\/\/zseg.edu.pl\/index.php\/praktyka-zawodowa\/foto-3\/\" class=\"wp-image-889\" srcset=\"http:\/\/zseg.edu.pl\/wp-content\/uploads\/2021\/04\/foto-3.jpg 608w, http:\/\/zseg.edu.pl\/wp-content\/uploads\/2021\/04\/foto-3-225x300.jpg 225w\" sizes=\"auto, (max-width: 608px) 100vw, 608px\" \/><\/figure><\/li><li class=\"blocks-gallery-item\"><figure><img loading=\"lazy\" decoding=\"async\" width=\"606\" height=\"810\" src=\"http:\/\/zseg.edu.pl\/wp-content\/uploads\/2021\/04\/foto-4.jpg\" alt=\"\" data-id=\"890\" data-full-url=\"http:\/\/zseg.edu.pl\/wp-content\/uploads\/2021\/04\/foto-4.jpg\" data-link=\"http:\/\/zseg.edu.pl\/index.php\/praktyka-zawodowa\/foto-4\/\" class=\"wp-image-890\" srcset=\"http:\/\/zseg.edu.pl\/wp-content\/uploads\/2021\/04\/foto-4.jpg 606w, http:\/\/zseg.edu.pl\/wp-content\/uploads\/2021\/04\/foto-4-224x300.jpg 224w\" sizes=\"auto, (max-width: 606px) 100vw, 606px\" \/><\/figure><\/li><li class=\"blocks-gallery-item\"><figure><img loading=\"lazy\" decoding=\"async\" width=\"608\" height=\"810\" src=\"http:\/\/zseg.edu.pl\/wp-content\/uploads\/2021\/04\/foto-6.jpg\" alt=\"\" data-id=\"892\" data-full-url=\"http:\/\/zseg.edu.pl\/wp-content\/uploads\/2021\/04\/foto-6.jpg\" data-link=\"http:\/\/zseg.edu.pl\/index.php\/praktyka-zawodowa\/foto-6\/\" class=\"wp-image-892\" srcset=\"http:\/\/zseg.edu.pl\/wp-content\/uploads\/2021\/04\/foto-6.jpg 608w, http:\/\/zseg.edu.pl\/wp-content\/uploads\/2021\/04\/foto-6-225x300.jpg 225w\" sizes=\"auto, (max-width: 608px) 100vw, 608px\" \/><\/figure><\/li><li class=\"blocks-gallery-item\"><figure><img loading=\"lazy\" decoding=\"async\" width=\"1024\" height=\"768\" src=\"http:\/\/zseg.edu.pl\/wp-content\/uploads\/2021\/04\/tot-10-1024x768.jpg\" alt=\"\" data-id=\"893\" data-full-url=\"http:\/\/zseg.edu.pl\/wp-content\/uploads\/2021\/04\/tot-10.jpg\" data-link=\"http:\/\/zseg.edu.pl\/index.php\/praktyka-zawodowa\/tot-10\/\" class=\"wp-image-893\" srcset=\"http:\/\/zseg.edu.pl\/wp-content\/uploads\/2021\/04\/tot-10-1024x768.jpg 1024w, http:\/\/zseg.edu.pl\/wp-content\/uploads\/2021\/04\/tot-10-300x225.jpg 300w, http:\/\/zseg.edu.pl\/wp-content\/uploads\/2021\/04\/tot-10-768x576.jpg 768w, http:\/\/zseg.edu.pl\/wp-content\/uploads\/2021\/04\/tot-10.jpg 1080w\" sizes=\"auto, (max-width: 1024px) 100vw, 1024px\" \/><\/figure><\/li><\/ul><\/figure>\n","protected":false},"excerpt":{"rendered":"<p>Uczniowie naszej szko\u0142y poza kszta\u0142ceniem og\u00f3lnym realizuj\u0105 praktyk\u0119 zawodow\u0105, zgodnie z wybranym zawodem. <\/p>\n","protected":false},"author":2,"featured_media":0,"parent":0,"menu_order":0,"comment_status":"closed","ping_status":"closed","template":"","meta":{"footnotes":""},"class_list":["post-400","page","type-page","status-publish","czr-hentry"],"_links":{"self":[{"href":"http:\/\/zseg.edu.pl\/index.php\/wp-json\/wp\/v2\/pages\/400","targetHints":{"allow":["GET"]}}],"collection":[{"href":"http:\/\/zseg.edu.pl\/index.php\/wp-json\/wp\/v2\/pages"}],"about":[{"href":"http:\/\/zseg.edu.pl\/index.php\/wp-json\/wp\/v2\/types\/page"}],"author":[{"embeddable":true,"href":"http:\/\/zseg.edu.pl\/index.php\/wp-json\/wp\/v2\/users\/2"}],"replies":[{"embeddable":true,"href":"http:\/\/zseg.edu.pl\/index.php\/wp-json\/wp\/v2\/comments?post=400"}],"version-history":[{"count":5,"href":"http:\/\/zseg.edu.pl\/index.php\/wp-json\/wp\/v2\/pages\/400\/revisions"}],"predecessor-version":[{"id":1289,"href":"http:\/\/zseg.edu.pl\/index.php\/wp-json\/wp\/v2\/pages\/400\/revisions\/1289"}],"wp:attachment":[{"href":"http:\/\/zseg.edu.pl\/index.php\/wp-json\/wp\/v2\/media?parent=400"}],"curies":[{"name":"wp","href":"https:\/\/api.w.org\/{rel}","templated":true}]}}