{"id":14,"date":"2021-03-25T20:46:39","date_gmt":"2021-03-25T19:46:39","guid":{"rendered":"http:\/\/zseg.edu.pl\/?page_id=14"},"modified":"2024-11-07T14:14:45","modified_gmt":"2024-11-07T13:14:45","slug":"rodzic","status":"publish","type":"page","link":"http:\/\/zseg.edu.pl\/index.php\/rodzic\/","title":{"rendered":"Rodzic"},"content":{"rendered":"\n<p class=\"has-text-align-center has-luminous-vivid-amber-background-color has-background has-medium-font-size\"><strong>Szukasz pomocy<\/strong>?<\/p>\n\n\n\n<p><strong>Zapraszamy do kontaktu z naszym zespo\u0142em pedagog\u00f3w i psycholog\u00f3w:<\/strong><\/p>\n\n\n\n<p><strong>tel.: (22) 779 26 44 wew. 23 pok.218 \u2013 pedagodzy :<\/strong><\/p>\n\n\n\n<p>\u2013 Iwona Guba<\/p>\n\n\n\n<p>\u2013 El\u017cbieta Nowak<\/p>\n\n\n\n<p>\u2013 Paulina Przychodze\u0144<\/p>\n\n\n\n<p><strong>tel.: (22) 779 26 44 wew. 11 pok. 222 \u2013 psycholodzy :<\/strong><\/p>\n\n\n\n<p>\u2013 Agnieszka Ko\u0142akowska tel. 600232257<\/p>\n\n\n\n<p>\u2013 Magdalena Barszcz<\/p>\n","protected":false},"excerpt":{"rendered":"<p>Szukasz pomocy? Zapraszamy do kontaktu z naszym zespo\u0142em pedagog\u00f3w i psycholog\u00f3w: tel.: (22) 779 26 44 wew. 23 pok.218 \u2013 pedagodzy : \u2013 Iwona Guba \u2013 El\u017cbieta Nowak \u2013 Paulina Przychodze\u0144 tel.: (22) 779 26 44 wew. 11 pok. 222 \u2013 psycholodzy : \u2013 Agnieszka Ko\u0142akowska tel. 600232257 \u2013 Magdalena Barszcz<\/p>\n","protected":false},"author":1,"featured_media":273,"parent":0,"menu_order":0,"comment_status":"closed","ping_status":"closed","template":"","meta":{"footnotes":""},"class_list":["post-14","page","type-page","status-publish","has-post-thumbnail","czr-hentry"],"_links":{"self":[{"href":"http:\/\/zseg.edu.pl\/index.php\/wp-json\/wp\/v2\/pages\/14","targetHints":{"allow":["GET"]}}],"collection":[{"href":"http:\/\/zseg.edu.pl\/index.php\/wp-json\/wp\/v2\/pages"}],"about":[{"href":"http:\/\/zseg.edu.pl\/index.php\/wp-json\/wp\/v2\/types\/page"}],"author":[{"embeddable":true,"href":"http:\/\/zseg.edu.pl\/index.php\/wp-json\/wp\/v2\/users\/1"}],"replies":[{"embeddable":true,"href":"http:\/\/zseg.edu.pl\/index.php\/wp-json\/wp\/v2\/comments?post=14"}],"version-history":[{"count":3,"href":"http:\/\/zseg.edu.pl\/index.php\/wp-json\/wp\/v2\/pages\/14\/revisions"}],"predecessor-version":[{"id":7211,"href":"http:\/\/zseg.edu.pl\/index.php\/wp-json\/wp\/v2\/pages\/14\/revisions\/7211"}],"wp:featuredmedia":[{"embeddable":true,"href":"http:\/\/zseg.edu.pl\/index.php\/wp-json\/wp\/v2\/media\/273"}],"wp:attachment":[{"href":"http:\/\/zseg.edu.pl\/index.php\/wp-json\/wp\/v2\/media?parent=14"}],"curies":[{"name":"wp","href":"https:\/\/api.w.org\/{rel}","templated":true}]}}